{"id":2388,"date":"2025-11-16T22:13:17","date_gmt":"2025-11-16T21:13:17","guid":{"rendered":"https:\/\/zenharmony.fr\/?page_id=2388"},"modified":"2025-11-17T12:59:09","modified_gmt":"2025-11-17T11:59:09","slug":"ressources-pour-creer-une-vie-consciente-mindset-bien-etre-energie-leadership","status":"publish","type":"page","link":"https:\/\/zenharmony.fr\/index.php\/ressources-pour-creer-une-vie-consciente-mindset-bien-etre-energie-leadership\/","title":{"rendered":"Ressources (Blog)"},"content":{"rendered":"\t\t<div data-elementor-type=\"wp-page\" data-elementor-id=\"2388\" class=\"elementor elementor-2388\">\n\t\t\t\t<div class=\"elementor-element elementor-element-eb10ecc e-flex e-con-boxed e-con e-parent\" data-id=\"eb10ecc\" data-element_type=\"container\" data-e-type=\"container\">\n\t\t\t\t\t<div class=\"e-con-inner\">\n\t\t\t\t<div class=\"elementor-element elementor-element-70c12e2 elementor-widget elementor-widget-text-editor\" data-id=\"70c12e2\" data-element_type=\"widget\" data-e-type=\"widget\" data-widget_type=\"text-editor.default\">\n\t\t\t\t<div class=\"elementor-widget-container\">\n\t\t\t\t\t\t\t\t\t<h1>Ressources Zenharmony : cr\u00e9ez votre vie avec conscience, clart\u00e9 et alignement<\/h1>\t\t\t\t\t\t\t\t<\/div>\n\t\t\t\t<\/div>\n\t\t\t\t\t<\/div>\n\t\t\t\t<\/div>\n\t\t<div class=\"elementor-element elementor-element-67d3d4c e-flex e-con-boxed e-con e-parent\" data-id=\"67d3d4c\" data-element_type=\"container\" data-e-type=\"container\">\n\t\t\t\t\t<div class=\"e-con-inner\">\n\t\t\t\t<div class=\"elementor-element elementor-element-4c72eb4 elementor-widget elementor-widget-heading\" data-id=\"4c72eb4\" data-element_type=\"widget\" data-e-type=\"widget\" data-widget_type=\"heading.default\">\n\t\t\t\t<div class=\"elementor-widget-container\">\n\t\t\t\t\t<h2 class=\"elementor-heading-title elementor-size-default\">Bienvenue dans l\u2019espace Ressources de Zenharmony.<\/h2>\t\t\t\t<\/div>\n\t\t\t\t<\/div>\n\t\t\t\t\t<\/div>\n\t\t\t\t<\/div>\n\t\t<div class=\"elementor-element elementor-element-70102e7 e-flex e-con-boxed e-con e-parent\" data-id=\"70102e7\" data-element_type=\"container\" data-e-type=\"container\">\n\t\t\t\t\t<div class=\"e-con-inner\">\n\t\t\t\t<div class=\"elementor-element elementor-element-ca94ad7 elementor-widget elementor-widget-text-editor\" data-id=\"ca94ad7\" data-element_type=\"widget\" data-e-type=\"widget\" data-widget_type=\"text-editor.default\">\n\t\t\t\t<div class=\"elementor-widget-container\">\n\t\t\t\t\t\t\t\t\t<p data-start=\"1450\" data-end=\"1717\"><br data-start=\"1499\" data-end=\"1502\" \/>Ici, vous trouverez des articles inspirants et pratiques pour vous aider \u00e0 sortir du mode automatique, gagner en clart\u00e9, comprendre votre fonctionnement interne et cr\u00e9er une vie align\u00e9e sur vos intentions profondes.<\/p><p data-start=\"1719\" data-end=\"1911\">Toutes les ressources ont \u00e9t\u00e9 con\u00e7ues pour vous accompagner vers une transformation durable : mindset conscient, \u00e9nergie, relations, leadership, performance align\u00e9e et d\u00e9veloppement personnel.<\/p><p data-start=\"1913\" data-end=\"2013\">Explorez, inspirez-vous et avancez chaque jour un peu plus vers la vie que vous choisissez de cr\u00e9er.<\/p>\t\t\t\t\t\t\t\t<\/div>\n\t\t\t\t<\/div>\n\t\t\t\t<div class=\"elementor-element elementor-element-a299ecb elementor-widget elementor-widget-spacer\" data-id=\"a299ecb\" data-element_type=\"widget\" data-e-type=\"widget\" data-widget_type=\"spacer.default\">\n\t\t\t\t<div class=\"elementor-widget-container\">\n\t\t\t\t\t\t\t<div class=\"elementor-spacer\">\n\t\t\t<div class=\"elementor-spacer-inner\"><\/div>\n\t\t<\/div>\n\t\t\t\t\t\t<\/div>\n\t\t\t\t<\/div>\n\t\t\t\t\t<\/div>\n\t\t\t\t<\/div>\n\t\t<div class=\"elementor-element elementor-element-a554571 e-grid e-con-boxed e-con e-parent\" data-id=\"a554571\" data-element_type=\"container\" data-e-type=\"container\">\n\t\t\t\t\t<div class=\"e-con-inner\">\n\t\t\t\t<div class=\"elementor-element elementor-element-41c63ee elementor-widget elementor-widget-text-editor\" data-id=\"41c63ee\" data-element_type=\"widget\" data-e-type=\"widget\" data-widget_type=\"text-editor.default\">\n\t\t\t\t<div class=\"elementor-widget-container\">\n\t\t\t\t\t\t\t\t\t<h3>\ud83c\udf3f <strong data-start=\"2087\" data-end=\"2117\">Clart\u00e9 &amp; Mindset Conscient<\/strong><\/h3>\n<p>Des articles pour cultiver une pr\u00e9sence authentique, d\u00e9velopper la clart\u00e9 mentale et avancer dans la vie avec intention plut\u00f4t qu\u2019en mode automatique.<\/p><p>Conscience, mental, sortir du mode pilote automatique, focus, intentions.<\/p>\t\t\t\t\t\t\t\t<\/div>\n\t\t\t\t<\/div>\n\t\t\t\t<div class=\"elementor-element elementor-element-e851ce8 elementor-widget elementor-widget-text-editor\" data-id=\"e851ce8\" data-element_type=\"widget\" data-e-type=\"widget\" data-widget_type=\"text-editor.default\">\n\t\t\t\t<div class=\"elementor-widget-container\">\n\t\t\t\t\t\t\t\t\t<h3>\u2728 <strong data-start=\"2278\" data-end=\"2313\">\u00c9nergie, Bien-\u00eatre &amp; Alignement<\/strong><\/h3>\n<p>D\u00e9couvrez comment l\u2019\u00e9nergie, le corps et les rituels bien-\u00eatre peuvent soutenir vos choix et votre transformation int\u00e9rieure.<\/p><p>Yoga, m\u00e9decine chinoise, \u00e9nergie, \u00e9quilibre int\u00e9rieur, num\u00e9rologie, Human Design.<\/p>\t\t\t\t\t\t\t\t<\/div>\n\t\t\t\t<\/div>\n\t\t\t\t<div class=\"elementor-element elementor-element-9514b36 elementor-widget elementor-widget-text-editor\" data-id=\"9514b36\" data-element_type=\"widget\" data-e-type=\"widget\" data-widget_type=\"text-editor.default\">\n\t\t\t\t<div class=\"elementor-widget-container\">\n\t\t\t\t\t\t\t\t\t<h3>\ud83d\ude80 <strong data-start=\"2450\" data-end=\"2486\">Leadership &amp; Performance Align\u00e9e<\/strong><\/h3><p>Des ressources pour les dirigeants et entrepreneurs qui souhaitent allier efficacit\u00e9, conscience et \u00e9quilibre, sans sacrifier l\u2019humain.<\/p><p>Clart\u00e9, priorit\u00e9s, performance humaine.<\/p><p>\u00a0<\/p>\t\t\t\t\t\t\t\t<\/div>\n\t\t\t\t<\/div>\n\t\t\t\t<div class=\"elementor-element elementor-element-58cdb82 elementor-widget elementor-widget-text-editor\" data-id=\"58cdb82\" data-element_type=\"widget\" data-e-type=\"widget\" data-widget_type=\"text-editor.default\">\n\t\t\t\t<div class=\"elementor-widget-container\">\n\t\t\t\t\t\t\t\t\t<h3>\u2764\ufe0f <strong data-start=\"2633\" data-end=\"2675\">Relations &amp; Human Design<\/strong><\/h3><p>Une approche unique pour comprendre votre dynamique relationnelle, cr\u00e9er des connexions plus profondes et vivre l\u2019amour avec conscience.<\/p><p>Couples, fonctionnement humain, intelligence relationnelle.<\/p>\t\t\t\t\t\t\t\t<\/div>\n\t\t\t\t<\/div>\n\t\t\t\t<div class=\"elementor-element elementor-element-c7417df elementor-widget elementor-widget-text-editor\" data-id=\"c7417df\" data-element_type=\"widget\" data-e-type=\"widget\" data-widget_type=\"text-editor.default\">\n\t\t\t\t<div class=\"elementor-widget-container\">\n\t\t\t\t\t\t\t\t\t<h3>\ud83d\udd25 <strong data-start=\"2823\" data-end=\"2852\">Entrepreneuriat Conscient<\/strong><\/h3><p>Des contenus d\u00e9di\u00e9s \u00e0 celles et ceux qui veulent entreprendre avec vision, clart\u00e9, \u00e9nergie et alignement.<\/p><p>Business,\u00a0 conscience,\u00a0 intention.<\/p>\t\t\t\t\t\t\t\t<\/div>\n\t\t\t\t<\/div>\n\t\t\t\t<div class=\"elementor-element elementor-element-92d6a81 elementor-widget elementor-widget-text-editor\" data-id=\"92d6a81\" data-element_type=\"widget\" data-e-type=\"widget\" data-widget_type=\"text-editor.default\">\n\t\t\t\t<div class=\"elementor-widget-container\">\n\t\t\t\t\t\t\t\t\t<h3><strong>\ud83c\udfe1Bien-\u00eatre chez soi &amp; \u00c9nergie de l\u2019Espace<\/strong><\/h3><p>Des inspirations pour cr\u00e9er un espace de vie fluide, \u00e9quilibr\u00e9 et ressour\u00e7ant gr\u00e2ce au Feng Shui, \u00e0 l\u2019organisation consciente et \u00e0 l\u2019art de vivre align\u00e9.<\/p><p>Feng Shui, organisation consciente, alignement maison-esprit.<\/p>\t\t\t\t\t\t\t\t<\/div>\n\t\t\t\t<\/div>\n\t\t\t\t\t<\/div>\n\t\t\t\t<\/div>\n\t\t\t\t<\/div>\n\t\t","protected":false},"excerpt":{"rendered":"<p>Ressources Zenharmony : cr\u00e9ez votre vie avec conscience, clart\u00e9 et alignement Bienvenue dans l\u2019espace Ressources de Zenharmony. Ici, vous trouverez des articles inspirants et pratiques pour vous aider \u00e0 sortir du mode automatique, gagner en clart\u00e9, comprendre votre fonctionnement interne et cr\u00e9er une vie align\u00e9e sur vos intentions profondes. Toutes les ressources ont \u00e9t\u00e9 con\u00e7ues&#8230;<\/p>\n<p class=\"more-link\"><a href=\"https:\/\/zenharmony.fr\/index.php\/ressources-pour-creer-une-vie-consciente-mindset-bien-etre-energie-leadership\/\" class=\"themebutton3\">Read More<\/a><\/p>\n","protected":false},"author":1,"featured_media":2431,"parent":0,"menu_order":0,"comment_status":"closed","ping_status":"closed","template":"","meta":{"_monsterinsights_skip_tracking":false,"_monsterinsights_sitenote_active":false,"_monsterinsights_sitenote_note":"","_monsterinsights_sitenote_category":0,"footnotes":""},"class_list":["post-2388","page","type-page","status-publish","has-post-thumbnail","hentry"],"yoast_head":"<!-- This site is optimized with the Yoast SEO plugin v27.3 - https:\/\/yoast.com\/product\/yoast-seo-wordpress\/ -->\n<title>Ressources (Blog) - ZenHarmony<\/title>\n<meta name=\"description\" content=\"Ressources pour cr\u00e9er une vie consciente : mindset, \u00e9nergie, bien-\u00eatre, leadership align\u00e9 et transformation personnelle. Avancez avec clart\u00e9 et intention.\" \/>\n<meta name=\"robots\" content=\"index, follow, max-snippet:-1, max-image-preview:large, max-video-preview:-1\" \/>\n<link rel=\"canonical\" href=\"https:\/\/zenharmony.fr\/index.php\/ressources-pour-creer-une-vie-consciente-mindset-bien-etre-energie-leadership\/\" \/>\n<meta property=\"og:locale\" content=\"fr_FR\" \/>\n<meta property=\"og:type\" content=\"article\" \/>\n<meta property=\"og:title\" content=\"Ressources (Blog) - ZenHarmony\" \/>\n<meta property=\"og:description\" content=\"Ressources pour cr\u00e9er une vie consciente : mindset, \u00e9nergie, bien-\u00eatre, leadership align\u00e9 et transformation personnelle. Avancez avec clart\u00e9 et intention.\" \/>\n<meta property=\"og:url\" content=\"https:\/\/zenharmony.fr\/index.php\/ressources-pour-creer-une-vie-consciente-mindset-bien-etre-energie-leadership\/\" \/>\n<meta property=\"og:site_name\" content=\"ZenHarmony\" \/>\n<meta property=\"article:modified_time\" content=\"2025-11-17T11:59:09+00:00\" \/>\n<meta property=\"og:image\" content=\"https:\/\/zenharmony.fr\/wp-content\/uploads\/2025\/11\/Clarte-energie-leadership-relations-business-maison-683x1024.png\" \/>\n\t<meta property=\"og:image:width\" content=\"683\" \/>\n\t<meta property=\"og:image:height\" content=\"1024\" \/>\n\t<meta property=\"og:image:type\" content=\"image\/png\" \/>\n<meta name=\"twitter:card\" content=\"summary_large_image\" \/>\n<meta name=\"twitter:label1\" content=\"Dur\u00e9e de lecture estim\u00e9e\" \/>\n\t<meta name=\"twitter:data1\" content=\"2 minutes\" \/>\n<script type=\"application\/ld+json\" class=\"yoast-schema-graph\">{\"@context\":\"https:\\\/\\\/schema.org\",\"@graph\":[{\"@type\":\"WebPage\",\"@id\":\"https:\\\/\\\/zenharmony.fr\\\/index.php\\\/ressources-pour-creer-une-vie-consciente-mindset-bien-etre-energie-leadership\\\/\",\"url\":\"https:\\\/\\\/zenharmony.fr\\\/index.php\\\/ressources-pour-creer-une-vie-consciente-mindset-bien-etre-energie-leadership\\\/\",\"name\":\"Ressources (Blog) - ZenHarmony\",\"isPartOf\":{\"@id\":\"https:\\\/\\\/zenharmony.fr\\\/#website\"},\"primaryImageOfPage\":{\"@id\":\"https:\\\/\\\/zenharmony.fr\\\/index.php\\\/ressources-pour-creer-une-vie-consciente-mindset-bien-etre-energie-leadership\\\/#primaryimage\"},\"image\":{\"@id\":\"https:\\\/\\\/zenharmony.fr\\\/index.php\\\/ressources-pour-creer-une-vie-consciente-mindset-bien-etre-energie-leadership\\\/#primaryimage\"},\"thumbnailUrl\":\"https:\\\/\\\/i0.wp.com\\\/zenharmony.fr\\\/wp-content\\\/uploads\\\/2025\\\/11\\\/Clarte-energie-leadership-relations-business-maison.png?fit=1024%2C1536&ssl=1\",\"datePublished\":\"2025-11-16T21:13:17+00:00\",\"dateModified\":\"2025-11-17T11:59:09+00:00\",\"description\":\"Ressources pour cr\u00e9er une vie consciente : mindset, \u00e9nergie, bien-\u00eatre, leadership align\u00e9 et transformation personnelle. Avancez avec clart\u00e9 et intention.\",\"breadcrumb\":{\"@id\":\"https:\\\/\\\/zenharmony.fr\\\/index.php\\\/ressources-pour-creer-une-vie-consciente-mindset-bien-etre-energie-leadership\\\/#breadcrumb\"},\"inLanguage\":\"fr-FR\",\"potentialAction\":[{\"@type\":\"ReadAction\",\"target\":[\"https:\\\/\\\/zenharmony.fr\\\/index.php\\\/ressources-pour-creer-une-vie-consciente-mindset-bien-etre-energie-leadership\\\/\"]}]},{\"@type\":\"ImageObject\",\"inLanguage\":\"fr-FR\",\"@id\":\"https:\\\/\\\/zenharmony.fr\\\/index.php\\\/ressources-pour-creer-une-vie-consciente-mindset-bien-etre-energie-leadership\\\/#primaryimage\",\"url\":\"https:\\\/\\\/i0.wp.com\\\/zenharmony.fr\\\/wp-content\\\/uploads\\\/2025\\\/11\\\/Clarte-energie-leadership-relations-business-maison.png?fit=1024%2C1536&ssl=1\",\"contentUrl\":\"https:\\\/\\\/i0.wp.com\\\/zenharmony.fr\\\/wp-content\\\/uploads\\\/2025\\\/11\\\/Clarte-energie-leadership-relations-business-maison.png?fit=1024%2C1536&ssl=1\",\"width\":1024,\"height\":1536},{\"@type\":\"BreadcrumbList\",\"@id\":\"https:\\\/\\\/zenharmony.fr\\\/index.php\\\/ressources-pour-creer-une-vie-consciente-mindset-bien-etre-energie-leadership\\\/#breadcrumb\",\"itemListElement\":[{\"@type\":\"ListItem\",\"position\":1,\"name\":\"Accueil\",\"item\":\"https:\\\/\\\/zenharmony.fr\\\/\"},{\"@type\":\"ListItem\",\"position\":2,\"name\":\"Ressources (Blog)\"}]},{\"@type\":\"WebSite\",\"@id\":\"https:\\\/\\\/zenharmony.fr\\\/#website\",\"url\":\"https:\\\/\\\/zenharmony.fr\\\/\",\"name\":\"ZenHarmony\",\"description\":\"Sortir du mode pilote automatique\",\"publisher\":{\"@id\":\"https:\\\/\\\/zenharmony.fr\\\/#organization\"},\"potentialAction\":[{\"@type\":\"SearchAction\",\"target\":{\"@type\":\"EntryPoint\",\"urlTemplate\":\"https:\\\/\\\/zenharmony.fr\\\/?s={search_term_string}\"},\"query-input\":{\"@type\":\"PropertyValueSpecification\",\"valueRequired\":true,\"valueName\":\"search_term_string\"}}],\"inLanguage\":\"fr-FR\"},{\"@type\":\"Organization\",\"@id\":\"https:\\\/\\\/zenharmony.fr\\\/#organization\",\"name\":\"ZenHarmony\",\"url\":\"https:\\\/\\\/zenharmony.fr\\\/\",\"logo\":{\"@type\":\"ImageObject\",\"inLanguage\":\"fr-FR\",\"@id\":\"https:\\\/\\\/zenharmony.fr\\\/#\\\/schema\\\/logo\\\/image\\\/\",\"url\":\"https:\\\/\\\/i0.wp.com\\\/zenharmony.fr\\\/wp-content\\\/uploads\\\/2025\\\/11\\\/logo-zenharmony-sans-fond.png?fit=561%2C346&ssl=1\",\"contentUrl\":\"https:\\\/\\\/i0.wp.com\\\/zenharmony.fr\\\/wp-content\\\/uploads\\\/2025\\\/11\\\/logo-zenharmony-sans-fond.png?fit=561%2C346&ssl=1\",\"width\":561,\"height\":346,\"caption\":\"ZenHarmony\"},\"image\":{\"@id\":\"https:\\\/\\\/zenharmony.fr\\\/#\\\/schema\\\/logo\\\/image\\\/\"}}]}<\/script>\n<!-- \/ Yoast SEO plugin. -->","yoast_head_json":{"title":"Ressources (Blog) - ZenHarmony","description":"Ressources pour cr\u00e9er une vie consciente : mindset, \u00e9nergie, bien-\u00eatre, leadership align\u00e9 et transformation personnelle. Avancez avec clart\u00e9 et intention.","robots":{"index":"index","follow":"follow","max-snippet":"max-snippet:-1","max-image-preview":"max-image-preview:large","max-video-preview":"max-video-preview:-1"},"canonical":"https:\/\/zenharmony.fr\/index.php\/ressources-pour-creer-une-vie-consciente-mindset-bien-etre-energie-leadership\/","og_locale":"fr_FR","og_type":"article","og_title":"Ressources (Blog) - ZenHarmony","og_description":"Ressources pour cr\u00e9er une vie consciente : mindset, \u00e9nergie, bien-\u00eatre, leadership align\u00e9 et transformation personnelle. Avancez avec clart\u00e9 et intention.","og_url":"https:\/\/zenharmony.fr\/index.php\/ressources-pour-creer-une-vie-consciente-mindset-bien-etre-energie-leadership\/","og_site_name":"ZenHarmony","article_modified_time":"2025-11-17T11:59:09+00:00","og_image":[{"width":683,"height":1024,"url":"https:\/\/zenharmony.fr\/wp-content\/uploads\/2025\/11\/Clarte-energie-leadership-relations-business-maison-683x1024.png","type":"image\/png"}],"twitter_card":"summary_large_image","twitter_misc":{"Dur\u00e9e de lecture estim\u00e9e":"2 minutes"},"schema":{"@context":"https:\/\/schema.org","@graph":[{"@type":"WebPage","@id":"https:\/\/zenharmony.fr\/index.php\/ressources-pour-creer-une-vie-consciente-mindset-bien-etre-energie-leadership\/","url":"https:\/\/zenharmony.fr\/index.php\/ressources-pour-creer-une-vie-consciente-mindset-bien-etre-energie-leadership\/","name":"Ressources (Blog) - ZenHarmony","isPartOf":{"@id":"https:\/\/zenharmony.fr\/#website"},"primaryImageOfPage":{"@id":"https:\/\/zenharmony.fr\/index.php\/ressources-pour-creer-une-vie-consciente-mindset-bien-etre-energie-leadership\/#primaryimage"},"image":{"@id":"https:\/\/zenharmony.fr\/index.php\/ressources-pour-creer-une-vie-consciente-mindset-bien-etre-energie-leadership\/#primaryimage"},"thumbnailUrl":"https:\/\/i0.wp.com\/zenharmony.fr\/wp-content\/uploads\/2025\/11\/Clarte-energie-leadership-relations-business-maison.png?fit=1024%2C1536&ssl=1","datePublished":"2025-11-16T21:13:17+00:00","dateModified":"2025-11-17T11:59:09+00:00","description":"Ressources pour cr\u00e9er une vie consciente : mindset, \u00e9nergie, bien-\u00eatre, leadership align\u00e9 et transformation personnelle. Avancez avec clart\u00e9 et intention.","breadcrumb":{"@id":"https:\/\/zenharmony.fr\/index.php\/ressources-pour-creer-une-vie-consciente-mindset-bien-etre-energie-leadership\/#breadcrumb"},"inLanguage":"fr-FR","potentialAction":[{"@type":"ReadAction","target":["https:\/\/zenharmony.fr\/index.php\/ressources-pour-creer-une-vie-consciente-mindset-bien-etre-energie-leadership\/"]}]},{"@type":"ImageObject","inLanguage":"fr-FR","@id":"https:\/\/zenharmony.fr\/index.php\/ressources-pour-creer-une-vie-consciente-mindset-bien-etre-energie-leadership\/#primaryimage","url":"https:\/\/i0.wp.com\/zenharmony.fr\/wp-content\/uploads\/2025\/11\/Clarte-energie-leadership-relations-business-maison.png?fit=1024%2C1536&ssl=1","contentUrl":"https:\/\/i0.wp.com\/zenharmony.fr\/wp-content\/uploads\/2025\/11\/Clarte-energie-leadership-relations-business-maison.png?fit=1024%2C1536&ssl=1","width":1024,"height":1536},{"@type":"BreadcrumbList","@id":"https:\/\/zenharmony.fr\/index.php\/ressources-pour-creer-une-vie-consciente-mindset-bien-etre-energie-leadership\/#breadcrumb","itemListElement":[{"@type":"ListItem","position":1,"name":"Accueil","item":"https:\/\/zenharmony.fr\/"},{"@type":"ListItem","position":2,"name":"Ressources (Blog)"}]},{"@type":"WebSite","@id":"https:\/\/zenharmony.fr\/#website","url":"https:\/\/zenharmony.fr\/","name":"ZenHarmony","description":"Sortir du mode pilote automatique","publisher":{"@id":"https:\/\/zenharmony.fr\/#organization"},"potentialAction":[{"@type":"SearchAction","target":{"@type":"EntryPoint","urlTemplate":"https:\/\/zenharmony.fr\/?s={search_term_string}"},"query-input":{"@type":"PropertyValueSpecification","valueRequired":true,"valueName":"search_term_string"}}],"inLanguage":"fr-FR"},{"@type":"Organization","@id":"https:\/\/zenharmony.fr\/#organization","name":"ZenHarmony","url":"https:\/\/zenharmony.fr\/","logo":{"@type":"ImageObject","inLanguage":"fr-FR","@id":"https:\/\/zenharmony.fr\/#\/schema\/logo\/image\/","url":"https:\/\/i0.wp.com\/zenharmony.fr\/wp-content\/uploads\/2025\/11\/logo-zenharmony-sans-fond.png?fit=561%2C346&ssl=1","contentUrl":"https:\/\/i0.wp.com\/zenharmony.fr\/wp-content\/uploads\/2025\/11\/logo-zenharmony-sans-fond.png?fit=561%2C346&ssl=1","width":561,"height":346,"caption":"ZenHarmony"},"image":{"@id":"https:\/\/zenharmony.fr\/#\/schema\/logo\/image\/"}}]}},"jetpack_sharing_enabled":true,"_links":{"self":[{"href":"https:\/\/zenharmony.fr\/index.php\/wp-json\/wp\/v2\/pages\/2388","targetHints":{"allow":["GET"]}}],"collection":[{"href":"https:\/\/zenharmony.fr\/index.php\/wp-json\/wp\/v2\/pages"}],"about":[{"href":"https:\/\/zenharmony.fr\/index.php\/wp-json\/wp\/v2\/types\/page"}],"author":[{"embeddable":true,"href":"https:\/\/zenharmony.fr\/index.php\/wp-json\/wp\/v2\/users\/1"}],"replies":[{"embeddable":true,"href":"https:\/\/zenharmony.fr\/index.php\/wp-json\/wp\/v2\/comments?post=2388"}],"version-history":[{"count":13,"href":"https:\/\/zenharmony.fr\/index.php\/wp-json\/wp\/v2\/pages\/2388\/revisions"}],"predecessor-version":[{"id":2404,"href":"https:\/\/zenharmony.fr\/index.php\/wp-json\/wp\/v2\/pages\/2388\/revisions\/2404"}],"wp:featuredmedia":[{"embeddable":true,"href":"https:\/\/zenharmony.fr\/index.php\/wp-json\/wp\/v2\/media\/2431"}],"wp:attachment":[{"href":"https:\/\/zenharmony.fr\/index.php\/wp-json\/wp\/v2\/media?parent=2388"}],"curies":[{"name":"wp","href":"https:\/\/api.w.org\/{rel}","templated":true}]}}